{"id":8,"date":"2020-01-13T13:50:46","date_gmt":"2020-01-13T13:50:46","guid":{"rendered":"https:\/\/dimesis.dk\/?page_id=8"},"modified":"2024-01-20T17:58:43","modified_gmt":"2024-01-20T16:58:43","slug":"kontakt","status":"publish","type":"page","link":"https:\/\/dimesis.dk\/index.php\/kontakt\/","title":{"rendered":"Kontakt"},"content":{"rendered":"\n<h2 class=\"wp-block-heading\">S\u00e5dan kan du kontakte Dimesis I\/S<\/h2>\n\n\n\n<p>Der er mange m\u00e5der at komme i kontakt med Dimesis I\/S og herunder ogs\u00e5 <a href=\"https:\/\/dimesis.dk\/index.php\/mobildiskotek\/\">Diskotek Dimesis<\/a>. P\u00e5 denne side kan du se alle dine muligheder.<\/p>\n\n\n\n<h3 class=\"wp-block-heading\">Postadresse og CVR-nr.<\/h3>\n\n\n\n<p>Dimesis I\/S<br>M\u00f8llebrinken 6<br>9310 Vodskov<\/p>\n\n\n\n<p>CVR nr. 37356743<\/p>\n\n\n\n<h3 class=\"wp-block-heading\">Telefon og mail<\/h3>\n\n\n\n<p>Vi bestr\u00e6ber os p\u00e5 at svare dig hurtigst muligt. Send gerne en SMS, hvis vi ikke tager telefonen, n\u00e5r du ringer, s\u00e5 ringer vi tilbage. Ellers kan du altid sende en mail. Den besvarer vi inden for 24 timer.<\/p>\n\n\n\n<p>Tlf. 41 81 00 50 <br>Mail <a href=\"mailto:kontakt@dimesis.dk\">kontakt@dimesis.dk<\/a> <\/p>\n\n\n\n<h3 class=\"wp-block-heading\">Sociale medier<\/h3>\n\n\n\n<p>Diskotek Dimesis er til stede p\u00e5 de st\u00f8rste sociale medier. Herunder finder du vores officielle kanaler:<\/p>\n\n\n\n<ul class=\"wp-block-list\">\n<li><a href=\"https:\/\/www.facebook.com\/diskotekdimesis\" target=\"_blank\" rel=\"noreferrer noopener\">Facebook<\/a><\/li>\n\n\n\n<li><a href=\"https:\/\/www.instagram.com\/diskotekdimesis\" target=\"_blank\" rel=\"noreferrer noopener\">Instagram<\/a><\/li>\n\n\n\n<li><a href=\"https:\/\/www.youtube.com\/channel\/UCyh56zo6CKA-cXmG_Hif7-w\" target=\"_blank\" rel=\"noreferrer noopener\">YouTube<\/a><\/li>\n<\/ul>\n","protected":false},"excerpt":{"rendered":"<p>S\u00e5dan kan du kontakte Dimesis I\/S Der er mange m\u00e5der at komme i kontakt med Dimesis I\/S og herunder ogs\u00e5 Diskotek Dimesis. P\u00e5 denne side kan du se alle dine muligheder. Postadresse og CVR-nr. Dimesis I\/SM\u00f8llebrinken 69310 Vodskov CVR nr. 37356743 Telefon og mail Vi bestr\u00e6ber os p\u00e5 at svare dig hurtigst muligt. Send gerne &hellip; <\/p>\n<p class=\"link-more\"><a href=\"https:\/\/dimesis.dk\/index.php\/kontakt\/\" class=\"more-link\">L\u00e6s videre<span class=\"screen-reader-text\"> &#8220;Kontakt&#8221;<\/span><\/a><\/p>\n","protected":false},"author":1,"featured_media":0,"parent":0,"menu_order":0,"comment_status":"closed","ping_status":"closed","template":"","meta":{"footnotes":""},"class_list":["post-8","page","type-page","status-publish","hentry"],"yoast_head":"<!-- This site is optimized with the Yoast SEO plugin v26.6 - https:\/\/yoast.com\/wordpress\/plugins\/seo\/ -->\n<title>Kontakt - Dimesis<\/title>\n<meta name=\"description\" content=\"Se hvordan du kan kontakte Dimesis I\/S p\u00e5 mail, telefon og via sociale medier.\" \/>\n<meta name=\"robots\" content=\"index, follow, max-snippet:-1, max-image-preview:large, max-video-preview:-1\" \/>\n<link rel=\"canonical\" href=\"https:\/\/dimesis.dk\/index.php\/kontakt\/\" \/>\n<meta property=\"og:locale\" content=\"da_DK\" \/>\n<meta property=\"og:type\" content=\"article\" \/>\n<meta property=\"og:title\" content=\"Kontakt - Dimesis\" \/>\n<meta property=\"og:description\" content=\"Se hvordan du kan kontakte Dimesis I\/S p\u00e5 mail, telefon og via sociale medier.\" \/>\n<meta property=\"og:url\" content=\"https:\/\/dimesis.dk\/index.php\/kontakt\/\" \/>\n<meta property=\"og:site_name\" content=\"Dimesis\" \/>\n<meta property=\"article:modified_time\" content=\"2024-01-20T16:58:43+00:00\" \/>\n<meta name=\"twitter:card\" content=\"summary_large_image\" \/>\n<meta name=\"twitter:label1\" content=\"Estimeret l\u00e6setid\" \/>\n\t<meta name=\"twitter:data1\" content=\"1 minut\" \/>\n<script type=\"application\/ld+json\" class=\"yoast-schema-graph\">{\"@context\":\"https:\/\/schema.org\",\"@graph\":[{\"@type\":\"WebPage\",\"@id\":\"https:\/\/dimesis.dk\/index.php\/kontakt\/\",\"url\":\"https:\/\/dimesis.dk\/index.php\/kontakt\/\",\"name\":\"Kontakt - Dimesis\",\"isPartOf\":{\"@id\":\"https:\/\/dimesis.dk\/#website\"},\"datePublished\":\"2020-01-13T13:50:46+00:00\",\"dateModified\":\"2024-01-20T16:58:43+00:00\",\"description\":\"Se hvordan du kan kontakte Dimesis I\/S p\u00e5 mail, telefon og via sociale medier.\",\"breadcrumb\":{\"@id\":\"https:\/\/dimesis.dk\/index.php\/kontakt\/#breadcrumb\"},\"inLanguage\":\"da-DK\",\"potentialAction\":[{\"@type\":\"ReadAction\",\"target\":[\"https:\/\/dimesis.dk\/index.php\/kontakt\/\"]}]},{\"@type\":\"BreadcrumbList\",\"@id\":\"https:\/\/dimesis.dk\/index.php\/kontakt\/#breadcrumb\",\"itemListElement\":[{\"@type\":\"ListItem\",\"position\":1,\"name\":\"Hjem\",\"item\":\"https:\/\/dimesis.dk\/\"},{\"@type\":\"ListItem\",\"position\":2,\"name\":\"Kontakt\"}]},{\"@type\":\"WebSite\",\"@id\":\"https:\/\/dimesis.dk\/#website\",\"url\":\"https:\/\/dimesis.dk\/\",\"name\":\"Dimesis\",\"description\":\"Mobildiskotek | Radio | Speak\",\"publisher\":{\"@id\":\"https:\/\/dimesis.dk\/#organization\"},\"potentialAction\":[{\"@type\":\"SearchAction\",\"target\":{\"@type\":\"EntryPoint\",\"urlTemplate\":\"https:\/\/dimesis.dk\/?s={search_term_string}\"},\"query-input\":{\"@type\":\"PropertyValueSpecification\",\"valueRequired\":true,\"valueName\":\"search_term_string\"}}],\"inLanguage\":\"da-DK\"},{\"@type\":\"Organization\",\"@id\":\"https:\/\/dimesis.dk\/#organization\",\"name\":\"Dimesis\",\"url\":\"https:\/\/dimesis.dk\/\",\"logo\":{\"@type\":\"ImageObject\",\"inLanguage\":\"da-DK\",\"@id\":\"https:\/\/dimesis.dk\/#\/schema\/logo\/image\/\",\"url\":\"https:\/\/dimesis.dk\/wp-content\/uploads\/2020\/01\/DimesisLogo512x512px.png\",\"contentUrl\":\"https:\/\/dimesis.dk\/wp-content\/uploads\/2020\/01\/DimesisLogo512x512px.png\",\"width\":512,\"height\":512,\"caption\":\"Dimesis\"},\"image\":{\"@id\":\"https:\/\/dimesis.dk\/#\/schema\/logo\/image\/\"}}]}<\/script>\n<!-- \/ Yoast SEO plugin. -->","yoast_head_json":{"title":"Kontakt - Dimesis","description":"Se hvordan du kan kontakte Dimesis I\/S p\u00e5 mail, telefon og via sociale medier.","robots":{"index":"index","follow":"follow","max-snippet":"max-snippet:-1","max-image-preview":"max-image-preview:large","max-video-preview":"max-video-preview:-1"},"canonical":"https:\/\/dimesis.dk\/index.php\/kontakt\/","og_locale":"da_DK","og_type":"article","og_title":"Kontakt - Dimesis","og_description":"Se hvordan du kan kontakte Dimesis I\/S p\u00e5 mail, telefon og via sociale medier.","og_url":"https:\/\/dimesis.dk\/index.php\/kontakt\/","og_site_name":"Dimesis","article_modified_time":"2024-01-20T16:58:43+00:00","twitter_card":"summary_large_image","twitter_misc":{"Estimeret l\u00e6setid":"1 minut"},"schema":{"@context":"https:\/\/schema.org","@graph":[{"@type":"WebPage","@id":"https:\/\/dimesis.dk\/index.php\/kontakt\/","url":"https:\/\/dimesis.dk\/index.php\/kontakt\/","name":"Kontakt - Dimesis","isPartOf":{"@id":"https:\/\/dimesis.dk\/#website"},"datePublished":"2020-01-13T13:50:46+00:00","dateModified":"2024-01-20T16:58:43+00:00","description":"Se hvordan du kan kontakte Dimesis I\/S p\u00e5 mail, telefon og via sociale medier.","breadcrumb":{"@id":"https:\/\/dimesis.dk\/index.php\/kontakt\/#breadcrumb"},"inLanguage":"da-DK","potentialAction":[{"@type":"ReadAction","target":["https:\/\/dimesis.dk\/index.php\/kontakt\/"]}]},{"@type":"BreadcrumbList","@id":"https:\/\/dimesis.dk\/index.php\/kontakt\/#breadcrumb","itemListElement":[{"@type":"ListItem","position":1,"name":"Hjem","item":"https:\/\/dimesis.dk\/"},{"@type":"ListItem","position":2,"name":"Kontakt"}]},{"@type":"WebSite","@id":"https:\/\/dimesis.dk\/#website","url":"https:\/\/dimesis.dk\/","name":"Dimesis","description":"Mobildiskotek | Radio | Speak","publisher":{"@id":"https:\/\/dimesis.dk\/#organization"},"potentialAction":[{"@type":"SearchAction","target":{"@type":"EntryPoint","urlTemplate":"https:\/\/dimesis.dk\/?s={search_term_string}"},"query-input":{"@type":"PropertyValueSpecification","valueRequired":true,"valueName":"search_term_string"}}],"inLanguage":"da-DK"},{"@type":"Organization","@id":"https:\/\/dimesis.dk\/#organization","name":"Dimesis","url":"https:\/\/dimesis.dk\/","logo":{"@type":"ImageObject","inLanguage":"da-DK","@id":"https:\/\/dimesis.dk\/#\/schema\/logo\/image\/","url":"https:\/\/dimesis.dk\/wp-content\/uploads\/2020\/01\/DimesisLogo512x512px.png","contentUrl":"https:\/\/dimesis.dk\/wp-content\/uploads\/2020\/01\/DimesisLogo512x512px.png","width":512,"height":512,"caption":"Dimesis"},"image":{"@id":"https:\/\/dimesis.dk\/#\/schema\/logo\/image\/"}}]}},"_links":{"self":[{"href":"https:\/\/dimesis.dk\/index.php\/wp-json\/wp\/v2\/pages\/8","targetHints":{"allow":["GET"]}}],"collection":[{"href":"https:\/\/dimesis.dk\/index.php\/wp-json\/wp\/v2\/pages"}],"about":[{"href":"https:\/\/dimesis.dk\/index.php\/wp-json\/wp\/v2\/types\/page"}],"author":[{"embeddable":true,"href":"https:\/\/dimesis.dk\/index.php\/wp-json\/wp\/v2\/users\/1"}],"replies":[{"embeddable":true,"href":"https:\/\/dimesis.dk\/index.php\/wp-json\/wp\/v2\/comments?post=8"}],"version-history":[{"count":11,"href":"https:\/\/dimesis.dk\/index.php\/wp-json\/wp\/v2\/pages\/8\/revisions"}],"predecessor-version":[{"id":461,"href":"https:\/\/dimesis.dk\/index.php\/wp-json\/wp\/v2\/pages\/8\/revisions\/461"}],"wp:attachment":[{"href":"https:\/\/dimesis.dk\/index.php\/wp-json\/wp\/v2\/media?parent=8"}],"curies":[{"name":"wp","href":"https:\/\/api.w.org\/{rel}","templated":true}]}}